ue
Is 321 a factor of 1109344?
False
Does 75 divide 1306800?
True
Is 208 a factor of 166400?
True
Does 11 divide 84700?
True
Is 1164 a factor of 11754007?
False
Is 278 a factor of 192182?
False
Does 8 divide 75352?
True
Is 315 a factor of 249258?
False
Does 30 divide 7110?
True
Is 149454 a multiple of 138?
True
Is 184884 a multiple of 142?
True
Is 237 a factor of 161634?
True
Is 19 a factor of 166953?
True
Is 200735 a multiple of 133?
False
Does 21 divide 155995?
False
Is 22 a factor of 195624?
True
Does 18 divide 94266?
True
Does 6 divide 94393?
False
Is 780 a factor of 11221080?
True
Is 62769 a multiple of 147?
True
Is 33 a factor of 63260?
False
Does 156 divide 745680?
True
Is 108 a factor of 1096629?
False
Does 78 divide 526110?
True
Is 3838499 a multiple of 18?
False
Is 422903 a multiple of 13?
True
Is 2608848 a multiple of 125?
False
Is 6 a factor of 130788?
True
Does 143 divide 2229513?
True
Is 12 a factor of 2487545?
False
Is 3 a factor of 1117702?
False
Is 4512310 a multiple of 95?
True
Does 12 divide 31128?
True
Is 17 a factor of 7898931?
True
Does 412 divide 96765?
False
Is 12056 a multiple of 17?
False
Is 100 a factor of 105300?
True
Is 46 a factor of 23022?
False
Is 70 a factor of 256811?
False
Does 289 divide 710386?
False
Is 102820 a multiple of 53?
True
Is 6582714 a multiple of 6?
True
Is 42 a factor of 389487?
False
Does 889 divide 3084847?
False
Is 384168 a multiple of 6?
True
Is 3761624 a multiple of 136?
True
Is 17 a factor of 535823?
True
Is 121686 a multiple of 196?
False
Is 92753 a multiple of 40?
False
Is 1202 a factor of 1962866?
True
Does 57 divide 1255938?
True
Is 11 a factor of 38060?
True
Is 12 a factor of 2659743?
False
Is 1110192 a multiple of 229?
True
Does 59 divide 279748?
False
Is 43 a factor of 360960?
False
Is 50726 a multiple of 4?
False
Is 493143 a multiple of 9?
False
Is 14 a factor of 141316?
True
Does 251 divide 1138787?
True
Does 94 divide 2342666?
False
Does 38 divide 3882087?
False
Is 394 a factor of 2660288?
True
Is 378 a factor of 1446606?
True
Does 114 divide 542640?
True
Does 5 divide 253430?
True
Is 14 a factor of 877325?
False
Is 183 a factor of 1127692?
False
Does 16 divide 930328?
False
Is 48286 a multiple of 297?
False
Is 2296593 a multiple of 243?
True
Is 220 a factor of 409860?
True
Is 38 a factor of 1056704?
True
Does 32 divide 5726216?
False
Does 466 divide 1078790?
True
Does 92 divide 212888?
True
Does 120 divide 200669?
False
Does 1887 divide 24327204?
True
Is 265 a factor of 5416619?
False
Does 967 divide 7600478?
False
Is 298017 a multiple of 376?
False
Is 47222 a multiple of 11?
False
Is 42 a factor of 526596?
True
Is 15329 a multiple of 15?
False
Is 508346 a multiple of 37?
False
Is 1178304 a multiple of 646?
True
Does 62 divide 4749510?
True
Is 46 a factor of 223652?
True
Is 274 a factor of 403033?
False
Is 27 a factor of 82613?
False
Is 156 a factor of 12812592?
True
Is 12724706 a multiple of 33?
False
Is 4603824 a multiple of 108?
True
Does 204 divide 372096?
True
Is 4220676 a multiple of 18?
True
Is 15173 even?
False
Does 21 divide 1172333?
False
Is 1055364 a multiple of 372?
True
Does 18 divide 5880420?
True
Does 26 divide 326456?
True
Is 6308280 a multiple of 243?
True
Does 14 divide 177263?
False
Is 3 a factor of 306846?
True
Is 591780 a multiple of 70?
True
Is 183011 a multiple of 16?
False
Does 30 divide 232135?
False
Is 28 a factor of 4807644?
False
Is 11418 a multiple of 33?
True
Is 21 a factor of 118083?
True
Does 150 divide 166607?
False
Does 4 divide 85496?
True
Is 296657 a multiple of 27?
False
Is 677028 a multiple of 11?
True
Is 18 a factor of 1256959?
False
Is 20 a factor of 402792?
False
Does 47 divide 1249871?
True
Is 16 a factor of 19952?
True
Is 35 a factor of 237790?
True
Does 18 divide 26381240?
False
Is 18 a factor of 361026?
True
Does 499 divide 13608229?
True
Is 102905 a multiple of 11?
True
Is 133 a factor of 61921?
False
Is 19 a factor of 1800723?
False
Is 38874 a multiple of 6?
True
Is 1315556 a multiple of 44?
True
Is 2 a factor of 301126?
True
Is 690165 a multiple of 49?
True
Is 198918 a multiple of 86?
True
Does 25 divide 8089304?
False
Is 48 a factor of 234887?
False
Does 6 divide 4738?
False
Is 154895 a multiple of 155?
False
Is 20 a factor of 576460?
True
Is 89 a factor of 203216?
False
Is 138205 a multiple of 15?
False
Is 13416 a multiple of 13?
True
Is 1749 a factor of 18030461?
False
Does 70 divide 382097?
False
Is 1508407 a multiple of 226?
False
Does 2 divide 503?
False
Is 36991 a multiple of 25?
False
Is 448 a factor of 83957?
False
Is 511892 a multiple of 20?
False
Does 20 divide 9746514?
False
Is 26 a factor of 33055698?
True
Does 8 divide 9334850?
False
Is 654 a factor of 9723494?
False
Is 138219 a multiple of 9?
False
Is 155600 a multiple of 8?
True
Is 124898 a multiple of 399?
False
Does 198 divide 76638?
False
Is 16 a factor of 27013984?
True
Is 57 a factor of 99532?
False
Does 6 divide 81276?
True
Is 181 a factor of 295296?
False
Is 242 a factor of 74778?
True
Does 4 divide 6156?
True
Is 641765 a multiple of 157?
False
Is 664263 a multiple of 4?
False
Is 3527151 a multiple of 2204?
False
Is 298170 a multiple of 9?
True
Is 1433107 a multiple of 38?
False
Is 107213 a multiple of 29?
True
Does 446 divide 192335?
False
Is 201725 a multiple of 10?
False
Does 77 divide 853105?
False
Is 79 a factor of 2223218?
True
Is 38 a factor of 513608?
True
Is 729 a factor of 458775?
False
Is 6380338 a multiple of 61?
False
Is 889620 a multiple of 20?
True
Is 128101 a multiple of 115?
False
Is 14 a factor of 707378?
True
Does 244 divide 1502796?
True
Is 11 a factor of 348986?
True
Is 692583 a multiple of 9?
False
Is 273 a factor of 189735?
True
Is 12 a factor of 165575?
False
Is 5618711 a multiple of 125?
False
Is 51 a factor of 163659?
True
Does 12 divide 37104?
True
Is 559759 a multiple of 19?
True
Is 222684 a multiple of 7?
True
Is 193 a factor of 3912496?
True
Is 23280 a multiple of 4?
True
Does 14 divide 569827?
False
Is 117422 a multiple of 99?
False
Is 984082 a multiple of 82?
True
Is 3453530 a multiple of 1433?
True
Is 464 a factor of 19997?
False
Is 51 a factor of 218127?
True
Does 666 divide 4386942?
True
Is 2031589 a multiple of 9?
False
Does 41 divide 402702?
True
Is 197475 a multiple of 717?
False
Does 60 divide 181495?
False
Does 406 divide 18775730?
False
Does 37 divide 66637?
True
Is 459001 a multiple of 9?
False
Is 126888 a multiple of 8?
True
Does 39 divide 14382452?
False
Is 14 a factor of 4431042?
True
Is 580496 a multiple of 553?
False
Is 19 a factor of 69834?
False
Does 849 divide 8101158?
True
Is 769116 a multiple of 57?
False
Is 3863277 a multiple of 12?
False
Is 3440459 a multiple of 257?
True
Does 6 divide 1180812?
True
Does 67 divide 47570?
True
Is 27 a factor of 882036?
True
Is 10352250 a multiple of 645?
True
Is 75384 a multiple of 54?
True
Is 130576 a multiple of 4?
True
Does 22 divide 136620?
True
Does 89 divide 6717987?
True
Is 102317 a multiple of 124?
False
Does 91 divide 2163161?
True
Does 340 divide 16287217?
False
Is 309024 a multiple of 222?
True
Is 234 a factor of 7729152?
False
Is 758 a factor of 4566192?
True
Is 17 a factor of 88340?
False
Is 1021174 even?
True
Does 29 divide 28641?
False
Is 262 a factor of 2958481?
False
Does 121 divide 1269532?
True
Is 3804 a multiple of 96?
False
Is 228 a factor of 720611?
False
Is 13 a factor of 380958?
False
Is 34 a factor of 1776798?
False
Is 242 a factor of 12656358?
True
Is 1357305 a multiple of 41?
True
Does 24 divide 963194?
False
Does 24 divide 195465?
False
Is 1301340 a multiple of 615?
True
Is 64 a factor of 8104640?
True
Is 76622 a multiple of 14?
True
Is 243838 a multiple of 27?
False
Is 1310160 a multiple of 11?
False
Does 2 divide 31669?
False
Does 15 divide 15283816?
False
Does 379 divide 366114?
True
Does 13 divide 1103433?
False
Is 40683789 a multiple of 13?
False
Is 87 a factor of 283324?
False
Does 21 divide 767235?
True
Is 358 a factor of 1186423?
False
Is 103730 a multiple of 8?
False
Is 2303388 a multiple of 218?
True
Does 37 divide 1986739?
False
Does 53 divide 70303?
False
Does 205 divide 410?
True
Is 57569 a multiple of 106?
False
Is 2168352 a multiple of 24?
True
Is 1765255 a multiple of 214?
False
Does 38 divide 828894?
True
Is 86 a factor of 2